s of 3836.
2, 7, 137
List the prime factors of 36356.
2, 61, 149
List the prime factors of 49094.
2, 24547
What are the prime factors of 862?
2, 431
What are the prime factors of 8654?
2, 4327
What are the prime factors of 30570?
2, 3, 5, 1019
What are the prime factors of 5006?
2, 2503
List the prime factors of 706.
2, 353
List the prime factors of 72335.
5, 17, 23, 37
List the prime factors of 502.
2, 251
List the prime factors of 17926.
2, 8963
List the prime factors of 16202.
2, 8101
List the prime factors of 431.
431
List the prime factors of 434.
2, 7, 31
List the prime factors of 9153.
3, 113
What are the prime factors of 15617?
7, 23, 97
What are the prime factors of 203?
7, 29
What are the prime factors of 13529?
83, 163
What are the prime factors of 984?
2, 3, 41
What are the prime factors of 225?
3, 5
List the prime factors of 13672.
2, 1709
What are the prime factors of 532?
2, 7, 19
List the prime factors of 5038.
2, 11, 229
What are the prime factors of 20079?
3, 23, 97
What are the prime factors of 195062?
2, 7, 13933
List the prime factors of 12705.
3, 5, 7, 11
What are the prime factors of 13009?
13009
What are the prime factors of 8761?
8761
What are the prime factors of 23425?
5, 937
List the prime factors of 651.
3, 7, 31
What are the prime factors of 19533?
3, 17, 383
What are the prime factors of 4429?
43, 103
List the prime factors of 1350.
2, 3, 5
List the prime factors of 978.
2, 3, 163
List the prime factors of 12390.
2, 3, 5, 7, 59
List the prime factors of 2112.
2, 3, 11
List the prime factors of 1550.
2, 5, 31
List the prime factors of 1061.
1061
List the prime factors of 2974.
2, 1487
What are the prime factors of 1080?
2, 3, 5
What are the prime factors of 5132?
2, 1283
List the prime factors of 7064.
2, 883
List the prime factors of 1073.
29, 37
What are the prime factors of 2087?
2087
List the prime factors of 9477.
3, 13
List the prime factors of 1556.
2, 389
What are the prime factors of 15095?
5, 3019
List the prime factors of 338.
2, 13
What are the prime factors of 23789?
23789
What are the prime factors of 19503?
3, 11, 197
List the prime factors of 41618.
2, 20809
What are the prime factors of 7154?
2, 7, 73
What are the prime factors of 45929?
13, 3533
What are the prime factors of 48156?
2, 3, 4013
List the prime factors of 126826.
2, 7, 9059
What are the prime factors of 28479?
3, 11, 863
List the prime factors of 138.
2, 3, 23
What are the prime factors of 1069?
1069
What are the prime factors of 6173?
6173
What are the prime factors of 3419?
13, 263
List the prime factors of 23538.
2, 3, 3923
What are the prime factors of 22595?
5, 4519
List the prime factors of 8602.
2, 11, 17, 23
What are the prime factors of 5029?
47, 107
What are the prime factors of 7215?
3, 5, 13, 37
List the prime factors of 3159.
3, 13
List the prime factors of 4353.
3, 1451
List the prime factors of 1260.
2, 3, 5, 7
What are the prime factors of 1820?
2, 5, 7, 13
List the prime factors of 7234.
2, 3617
What are the prime factors of 6883?
6883
What are the prime factors of 59692?
2, 14923
What are the prime factors of 43824?
2, 3, 11, 83
List the prime factors of 2649.
3, 883
What are the prime factors of 32706?
2, 3, 23, 79
What are the prime factors of 105348?
2, 3, 8779
List the prime factors of 22.
2, 11
List the prime factors of 53.
53
List the prime factors of 7404.
2, 3, 617
List the prime factors of 3483.
3, 43
List the prime factors of 32734.
2, 13, 1259
What are the prime factors of 24818?
2, 12409
What are the prime factors of 9633?
3, 13, 19
List the prime factors of 46271.
46271
What are the prime factors of 6748?
2, 7, 241
List the prime factors of 19294.
2, 11, 877
What are the prime factors of 29109?
3, 31, 313
What are the prime factors of 62754?
2, 3, 10459
What are the prime factors of 231?
3, 7, 11
What are the prime factors of 2989?
7, 61
What are the prime factors of 9429?
3, 7, 449
What are the prime factors of 63296?
2, 23, 43
What are the prime factors of 55110?
2, 3, 5, 11, 167
List the prime factors of 3747.
3, 1249
What are the prime factors of 1241?
17, 73
List the prime factors of 140.
2, 5, 7
What are the prime factors of 9347?
13, 719
List the prime factors of 35154.
2, 3, 7, 31
What are the prime factors of 20151?
3, 2239
What are the prime factors of 798?
2, 3, 7, 19
List the prime factors of 23240.
2, 5, 7, 83
What are the prime factors of 49234?
2, 103, 239
What are the prime factors of 31277?
31277
What are the prime factors of 106917?
3, 157, 227
What are the prime factors of 11889?
3, 1321
List the prime factors of 2029.
2029
What are the prime factors of 44507?
44507
What are the prime factors of 477?
3, 53
List the prime factors of 45270.
2, 3, 5, 503
What are the prime factors of 2001?
3, 23, 29
List the prime factors of 40666.
2, 20333
List the prime factors of 25952.
2, 811
List the prime factors of 1295.
5, 7, 37
What are the prime factors of 323?
17, 19
List the prime factors of 1816.
2, 227
What are the prime factors of 3606?
2, 3, 601
What are the prime factors of 7872?
2, 3, 41
What are the prime factors of 970?
2, 5, 97
What are the prime factors of 86?
2, 43
List the prime factors of 2432.
2, 19
List the prime factors of 15345.
3, 5, 11, 31
List the prime factors of 2647.
2647
What are the prime factors of 1577?
19, 83
What are the prime factors of 91129?
91129
List the prime factors of 63172.
2, 17, 929
List the prime factors of 15307.
15307
List the prime factors of 1563.
3, 521
What are the prime factors of 2645?
5, 23
List the prime factors of 1294.
2, 647
What are the prime factors of 261?
3, 29
What are the prime factors of 12638?
2, 71, 89
List the prime factors of 4682.
2, 2341
List the prime factors of 1305.
3, 5, 29
List the prime factors of 2470.
2, 5, 13, 19
List the prime factors of 21402.
2, 3, 29, 41
What are the prime factors of 3403?
41, 83
What are the prime factors of 16028?
2, 4007
List the prime factors of 104.
2, 13
What are the prime factors of 31780?
2, 5, 7, 227
What are the prime factors of 32664?
2, 3, 1361
List the prime factors of 71974.
2, 7, 53, 97
List the prime factors of 9792.
2, 3, 17
List the prime factors of 964.
2, 241
What are the prime factors of 6134?
2, 3067
What are the prime factors of 486?
2, 3
What are the prime factors of 11496?
2, 3, 479
List the prime factors of 21733.
103, 211
What are the prime factors of 1588?
2, 397
List the prime factors of 1126.
2, 563
List the prime factors of 19329.
3, 17, 379
List the prime factors of 13112.
2, 11, 149
What are the prime factors of 1800?
2, 3, 5
What are the prime factors of 3683?
29, 127
List the prime factors of 7992.
2, 3, 37
List the prime factors of 20136.
2, 3, 839
List the prime factors of 87003.
3, 7, 1381
List the prime factors of 83140.
2, 5, 4157
What are the prime factors of 2295?
3, 5, 17
List the prime factors of 3348.
2, 3, 31
What are the prime factors of 2193?
3, 17, 43
List the prime factors of 310.
2, 5, 31
List the prime factors of 3134.
2, 1567
What are the prime factors of 175?
5, 7
List the prime factors of 3820.
2, 5, 191
List the prime factors of 123283.
113, 1091
What are the prime factors of 6421?
6421
What are the prime factors of 7802?
2, 47, 83
List the prime factors of 7250.
2, 5, 29
What are the prime factors of 30787?
17, 1811
What are the prime factors of 46857?
3, 15619
What are the prime factors of 11403?
3, 7, 181
List the prime factors of 204.
2, 3, 17
What are the prime factors of 5633?
43, 131
What are the prime factors of 687?
3, 229
What are the prime factors of 807?
3, 269
List the prime factors of 11784.
2, 3, 491
What are the prime factors of 2311?
2311
List the prime factors of 103498.
2, 51749
What are the prime factors of 9119?
11, 829
List the prime factors of 172785.
3, 5, 11519
List the prime factors of 5980.
2, 5, 13, 23
What are the prime factors of 989?
23, 43
What are the prime factors of 4254?
2, 3, 709
What are the prime factors of 47708?
2, 11927
What are the prime factors of 469?
7, 67
What are the prime factors of 1296?
2, 3
List the prime factors of 175064.
2, 79, 277
What are the prime factors of 1611?
3, 179
What are the prime factors of 11716?
2, 29, 101
What are the prime factors of 18112?
2, 283
What are the prime 